 5*o - 8*h. What is the remainder when o is divided by 41?
39
What is the remainder when 151 is divided by ((36/(-2))/((-27)/(-18)))/(-2)?
1
Let t(n) = -n**2 - 23*n + 31. Let r be t(-12). Suppose 0 = -21*y + r + 614. Let h = 20 - 0. What is the remainder when y is divided by h?
17
What is the remainder when (0 + 4)*75/30 is divided by 10?
0
Let y(q) = 6*q**3 - q**2 + q + 1. Let b be y(-2). Let s = -27 - b. What is the remainder when s is divided by 14?
12
Let b(w) = 20*w**2 - 20*w + 43. What is the remainder when 649 is divided by b(3)?
160
Suppose -196*r + 197*r = -6. Let p(c) = -c**3 - 5*c**2 - 7. Calculate the remainder when p(-6) is divided by (7/((-70)/75))/(3/r).
14
Suppose -2*w - 1190 = -3*q, -20*w = 5*q - 23*w - 1982. What is the remainder when q is divided by 57?
52
Calculate the remainder when 4145/20 + (9/4)/3 is divided by 42.
40
Let n = -124 - -125. Let o = 1 + n. What is the remainder when 2 is divided by o?
0
Suppose -89 = -3*f - 23. Let h = f + -11. Calculate the remainder when h is divided by 6.
5
Suppose r - 22 = -4*z, 2*r = -5*z - 4 + 33. Suppose 4*f + 64 = -3*c + 433, 444 = z*f - 2*c. What is the remainder when f is divided by 31?
28
Suppose 4*j + 7 + 1 = 5*o, o = 5*j + 10. Suppose -5*r - 75 = -3*w, o*w + r - 97 = -5*w. Calculate the remainder when 79 is divided by w.
19
Suppose 0 = 2*c - w - 10 + 1, 5*w = -25. Calculate the remainder when 27 is divided by c*(51/(-2))/(-3).
10
What is the remainder when 69 is divided by 405/21 + 3*(-18)/189?
12
Suppose -11*u + 20*u = 684. Suppose 0 = -4*r + 2*b + 302, -2*r + u = -r - b. Suppose -5*m + 47 + 48 = 0. Calculate the remainder when r is divided by m.
18
Suppose -3*o + 99 = -3*m, 2*m = -o + 4*m + 33. What is the remainder when o is divided by 12?
9
Let d = 12 - 8. Suppose 15 = m + 14*m. Calculate the remainder when d is divided by m.
0
Let s = 5 - 0. Let b(q) = q**3 - q**2 + 4*q + 12. Calculate the remainder when b(s) is divided by 45.
42
Suppose -8*p = -10*p + 46. Suppose 8*q - 41 - p = 0. What is the remainder when q is divided by 2?
0
Let z(s) = s**3 - 10*s**2 - 4*s + 60. Calculate the remainder when z(11) is divided by 23.
22
Let f = -374 - -407. Calculate the remainder when f is divided by 14.
5
Suppose 0 = -3*v - 3, 7*v = t + 10*v - 26. What is the remainder when (-2)/4*2 - -82 is divided by t?
23
Suppose -5*k + 3*k + 4 = 0. Let f = -7 - -9. Suppose 4*l - t - 9 = l, 5*l - 16 = f*t. Calculate the remainder when k is divided by l.
0
Suppose 32 + 298 = 11*i. Suppose 2304 = -5*w - 4*m + 6*m, w - 4*m + 450 = 0. What is the remainder when 1/4 + w/(-8) is divided by i?
28
Let u(l) = -5*l**3 + 2*l**2 - 11. Calculate the remainder when u(-3) is divided by 29.
26
Let y = 2551 + -2539. What is the remainder when 524 is divided by y?
8
Let w(h) = 5*h - 1. Let f be w(6). Let i = f + -32. Calculate the remainder when 44/i*69/(-46) is divided by 8.
6
Let h(g) = -g + 26. Let x = -31 - -38. What is the remainder when 73 is divided by h(x)?
16
Let s = -43 + 116. Suppose -2*y - s = -3*y. Suppose 3*b - 5*q - 95 = 0, 3*b - 59 = -4*q - 0*q. Calculate the remainder when y is divided by b.
23
Suppose -6*h = -7*h - 34. Calculate the remainder when 73 is divided by (50/15)/(-1 - h/30).
23
Let c(d) = 19*d - 18. Let y be c(2). Let k = 22 + y. What is the remainder when 167 is divided by k?
41
Suppose -12 = 4*z - 6*z. Calculate the remainder when z is divided by (-3)/(2 + 1) - -5.
2
What is the remainder when (14 + -4 + -11)/((-1)/111) is divided by 29?
24
What is the remainder when 1/((-7)/106*(-36)/126) is divided by 13?
1
Suppose -4*p = h - 1071, -p + 20*h = 17*h - 271. Calculate the remainder when p is divided by 9.
7
Suppose 251*h - 20 = 247*h, 155 = 5*p + h. What is the remainder when p is divided by 24?
6
Let m(u) = -u**3 - 10*u**2 + 8*u - 18. Let q be m(-11). Calculate the remainder when (-144)/q*(-80)/12 is divided by 5.
4
Let f(r) = 16*r**2 - 2*r - 3. Let s(q) = 49*q - 378. What is the remainder when f(-2) is divided by s(8)?
9
Suppose p = -0*p - 2*o + 38, 5*p + 5*o - 200 = 0. Let y = -16 + p. What is the remainder when y is divided by 14?
12
Suppose -8 = 2*d, -4*v - d + 60 + 76 = 0. What is the remainder when 129 is divided by v?
24
Let i = 8 - 8. Suppose -3*j + 117 = -3*o, -j - 2*o + 48 = -i*o. What is the remainder when j is divided by 9?
6
Suppose -13*y + 23*y - 910 = 0. Calculate the remainder when y is divided by 25.
16
Suppose 2*o = 3*t + 168, 4*t = -4*o + 3*t + 322. Let g = 407 - 385. Let i = g + o. Calculate the remainder when i is divided by 26.
25
Let j(p) = 2*p**2 - p - 2. Suppose -2*w = -26*w + 1248. What is the remainder when w is divided by j(-3)?
14
Suppose 4*r = -7*r + 132. Let n(w) = -w**3 + 11*w**2 + 16*w - 29. Calculate the remainder when n(r) is divided by 1*(1 - -12) - 2.
8
Let k(m) = -2*m. Let a be k(-3). Suppose 2*o - a = 0, 5*o + 1 - 13 = q. Suppose 0 = q*p + p - 124. What is the remainder when p is divided by 17?
14
Let i be 258 + (-1 - 0/(-2)). Let y = i - 177. Let o = y - 50. Calculate the remainder when o is divided by 11.
8
Let t = -25 - -43. Suppose 0 = y - 0*y + h - 15, -4*y + 3*h = -60. What is the remainder when (-263)/(-9) + (-4)/t is divided by y?
14
Calculate the remainder when 317 is divided by -106*10/8*(-36)/90.
52
Let n = 415 + -391. Calculate the remainder when 106 is divided by n.
10
Let q = -25 + 25. Suppose m - f = -q*m + 84, 5*m = 4*f + 423. Let h = m - 48. What is the remainder when h is divided by 10?
9
Let n = 14 - 18. Calculate the remainder when 81 is divided by -1 + 5*-2*6/n.
11
Suppose 13 = l + 12. Suppose 0 = g - 11 - l. What is the remainder when 47 is divided by g?
11
Suppose -3*y = 2*r - 646, 5*y + 8 = 9*y. Calculate the remainder when r is divided by 81.
77
Suppose 0 = -d - 3*d + 4*q + 116, 5*q = -d + 23. Calculate the remainder when 167 is divided by d.
27
Let p be (-1)/2*(-9 + 9). Suppose 10 = v + 5*d, p = -2*d + 5*d. Calculate the remainder when 47 is divided by v.
7
Let w be ((-2)/3)/((-12)/18) + -9. Let v(n) = -n**3 - 9*n**2 - 11*n - 12. What is the remainder when v(w) is divided by 3?
0
Let p = 6 - -7. Suppose 0 = -q + 2*k + 10, 0 = -7*q + 2*q + k + 59. Calculate the remainder when p is divided by (-28)/10*(-30)/q.
6
What is the remainder when 154 is divided by 1547/34*(-4)/(-7)?
24
Let g(j) = j**3 - 11*j**2 + 11*j - 79. Calculate the remainder when 202 is divided by g(11).
34
Suppose 0 = -3*f - y - 55, 3 = -y + 8. Let a(d) = -27*d**2 - d - 5. Let t be a(-1). Let n = f - t. What is the remainder when 30 is divided by n?
8
Let p be 8/10 - 25/(-125). Let h be p/(-3) - (-44)/(-12). Calculate the remainder when (h - -1)*-5 + -4 is divided by 4.
3
Let c be ((2 + -3)*61)/(3/(-3)). Let q = c + -34. Calculate the remainder when 51 is divided by q.
24
Calculate the remainder when 355 is divided by 2/(-4) + (-2196)/(-24).
82
Suppose 3*y = 2*y - 2*y. Let j(b) = 0*b**3 - b**3 + 2*b**3 - b**2 + 19 - b. Calculate the remainder when 54 is divided by j(y).
16
Let s be 8/(-36) - (-87)/27. Suppose 0 = 5*v - 2*t - 194, -v - 2*t + 148 = s*v. Let z(c) = -c**2 + 7*c. Calculate the remainder when v is divided by z(5).
8
Suppose 5*c = 2*y + 425, 5*c - 435 = -0*y + 4*y. Calculate the remainder when c is divided by (155/9 - 0) + 4/(-18).
15
Let b = 0 - -48. Calculate the remainder when 107 is divided by b.
11
Let o be 4 - ((-6)/(-3) - 22). Suppose 3*j - j - o = 0. Calculate the remainder when 33 is divided by j.
9
Let h(q) = 12*q - 8. Let i = -6 - -10. Let s be h(i). Suppose 5*l - s = 3*l. Calculate the remainder when 57 is divided by l.
17
Let m(d) = -d + 6. Let h be m(-17). Suppose 0 = -4*g + 5*a + h, g + a = -2 + 10. Calculate the remainder when 23 is divided by g.
2
Let y be -4*1*(2 - (-27)/(-12)). Let v = 9 - 4. What is the remainder when 62 is divided by (-2 + 6)*(v - y)?
14
Suppose 5*h - 4*d - 119 = 0, -103 = -5*h - 3*d + 9. Calculate the remainder when 275 is divided by h.
22
Let l(j) = j**3 + 32*j**2 + 60*j + 9. What is the remainder when 16 is divided by l(-30)?
7
Suppose 5*m - 9 = -2*c, -m + 0 = -3*c + 5. Suppose 3*r - 61 = -6*f + c*f, -36 = -2*r - 5*f. Calculate the remainder when r is divided by 9.
5
Suppose 0*r = 3*r. Suppose r = 2*s + 16 - 58. Let y = 11 + 30. What is the remainder when y is divided by s?
20
Let w = 22 + 26. What is the